mposite number?
True
Let f(m) = 123*m**3 - 40*m + 27. Is f(8) composite?
False
Suppose -17 = -3*g + 5*t, 0 = 4*g - t + 11 - 45. Suppose -8040 = -g*d + 21*d. Is 1/((-1)/d) + (10 - 13) prime?
False
Let l be 12/(-24)*4/2 + 4. Let d(c) = -l*c - 4*c**2 + 11 - 62 + 35*c**2. Is d(-10) a prime number?
True
Let r be 9 - (-6 - (-56)/7). Suppose 41816 = r*c - 127185. Is c prime?
False
Let v(j) = 194649*j + 9562. Is v(5) composite?
True
Let z = -18438 + 72725. Is z a composite number?
False
Suppose 1350 = -3*w - 3*j, 4*w = -0*j + 5*j - 1836. Let b = w - -1025. Is b prime?
True
Let h be (2 - -830)*1/(-2). Let r be (h/(-3))/((-4)/(-84)) - -3. Suppose -5*c + r = -2*i, 5*i = 4*c + c - 2915. Is c composite?
True
Suppose 5*q + 3*q = 56. Suppose q*g + 3*g = 30170. Is g a composite number?
True
Let d(k) = -2*k - 1. Let g(t) = -183*t - 5. Let m(z) = -2*d(z) - g(z). Is m(1) composite?
True
Suppose -2801035 = u - 32*u - 554744. Is u composite?
False
Suppose -5*n + 3 + 62 = 0. Suppose -n*x + 5*x = 0. Is x - (0 - (32 + -1)) prime?
True
Let j = 95 - 99. Let r be (-43 - -1)/(j/(-314)). Let f = 6140 + r. Is f a composite number?
False
Let b = -35419 - -56365. Is b*(-15)/40*(-4)/3 a composite number?
True
Let o(f) = -336*f - 9. Let y = -3 - -8. Let h be o(y). Let x = -1040 - h. Is x prime?
False
Suppose -49105 = 5*q - 5*k, -46*q + 45*q - 9841 = -5*k. Let p = q + 21293. Is p composite?
True
Suppose -2154*y + 4151637 = -2091*y. Is y a prime number?
True
Let j be (-5 - -7248 - 0) + 5. Let k = j - -10895. Is k composite?
False
Let c(p) = -8*p**3 - 11*p**2 + 5*p - 3. Let r = -60 + 64. Let o be c(r). Let g = o - -1348. Is g a composite number?
False
Let c be -9*142*(-10)/3. Suppose -4*y = 4*m - c, -2*y + 2233 - 127 = -4*m. Is y composite?
False
Let c be (17/(-4) - -4)/(3/(-312)). Suppose c*l - 95192 - 84546 = 0. Is l prime?
False
Suppose 3*g + 12047 - 130164 = 4*m, 3*m = -3*g + 118152. Is g a prime number?
False
Let g = 63 - 61. Suppose -5*z + g*u = -z + 6, 5*u = 3*z + 15. Suppose -6*m + m + 10225 = z. Is m prime?
False
Let l = 38145 - -11888. Is l prime?
True
Is (-212)/120 - 9/(-90) - (-152126)/3 a composite number?
False
Let w be (-1)/(1*2/(-82)). Let g = 39 - w. Is 4*(g - (-28)/16)*-34 prime?
False
Suppose -31*l = -7873 + 19095. Let v = l - -7099. Is v a prime number?
True
Suppose -2*m + 21 = 9. Suppose -328 = 3*r - 340. Suppose m*a - 3778 = r*a. Is a composite?
False
Let i = 455 + 441. Suppose 3191 = 4*b - 3*u, 3*b + 3*u = 3284 - i. Is b composite?
False
Suppose -79*y = -34*y - 190*y + 103632515. Is y a composite number?
True
Let z = 689857 + -453860. Is z a composite number?
False
Suppose 245049 = 26*x - 19*x. Let m = x + -11450. Is m prime?
True
Let b(o) = -46724*o**3 + o**2 - 9*o - 19. Is b(-2) prime?
False
Is 9/(-18) + (-852975)/(-10) composite?
False
Suppose t = p - 4724, 0 = 11*p - 8*p + t - 14160. Is p a prime number?
True
Let k = -1845 + 885. Let s = k + 1398. Let c = s - 227. Is c a composite number?
False
Is (-8)/7 + 16416078/686 a prime number?
True
Suppose 25*y = -96831 - 240794. Let g = -6859 - y. Is g composite?
True
Let k(n) = -3*n - 8. Let a be k(-5). Let b be ((-1)/(-3))/(a/(-42)). Let u(j) = -5*j**3 - 2*j**2 + 3. Is u(b) composite?
True
Let t(a) = 5763*a + 5324. Is t(129) prime?
False
Let u be 2*2*(-5)/20. Let v = u + 1. Suppose -2*a + 0*a + 230 = v. Is a a prime number?
False
Suppose 0 = -p - 0*p - 3719. Suppose -28464 + 29650 + 45598 = -8*u. Let f = p - u. Is f a composite number?
False
Suppose k - 5*w = 272480 + 472892, w + 2981355 = 4*k. Is k a prime number?
True
Let f(w) = -780695*w - 85. Is f(-4) a composite number?
True
Let p(q) = 2*q**3 - 9*q**2 - 6*q. Let d(w) = 1. Let j(l) = -3*d(l) - p(l). Let s be j(5). Is (s - 6) + 659/1 composite?
True
Suppose -3*o + 144*m = 147*m - 3182820, -m = 5*o - 5304712. Is o a prime number?
False
Let y be (-13)/26 + (-2)/4 + 1. Suppose 17*k - 16*k - 4 = y. Is 11730/20 - (-2)/k a prime number?
True
Let c(v) = -95*v + 38. Let w be c(-12). Suppose -3*m = 2*r - 164 - w, 2 = -m. Let a = r - 7. Is a composite?
True
Suppose 5*n - 20 = -g, 5*g - 31 = 2*n - 4*n. Suppose n*s - 5988 = -3*b, -s + 3*b - 315 = -2299. Is s prime?
True
Let b be (4/(-10) - (-2)/5)/2. Suppose 2*d + 16 - 22 = b. Suppose -3*y = -4*r + 1970, -3*r - d*y + 1469 = -y. Is r a composite number?
False
Let w = 6 - 0. Suppose o = -w*o + 156604. Is (-3)/(o/5596 - 4) composite?
False
Suppose 2*q + 12 = 3*w, 20 = 2*q + 2*w + 3*w. Suppose -5*c + v + 3 + 4 = q, 15 = 5*v. Suppose -u = -0*j + 2*j - 879, c*j - 889 = -3*u. Is j a composite number?
True
Suppose 2*y - 76 = 3*v, 3*v = 11 + 1. Is 726/y + (-6)/4 a prime number?
False
Let g(l) = -7*l**2 - 8*l - 8. Let z be g(-3). Let b = z - -388. Is b a composite number?
True
Let h(r) = -4*r + 311 + 13*r**2 + 315 - 615. Is h(-4) prime?
False
Let p(d) = -1674*d - 1543. Is p(-12) a prime number?
False
Let u = 248063 + 34286. Is u prime?
True
Suppose 65*a - 7455 = 70*a. Let b = a - -2552. Is b prime?
True
Let d = -9838 + 14109. Is d composite?
False
Let t be -12*1/(-20) - 2/(-5). Is t - (-2 + -1158) - 4 composite?
True
Let k = 509 - 81. Let c = 2085 - k. Is c composite?
False
Let v be -2 + 19 - (-3 + 7). Let j(n) = 2*n**3 + 17*n**2 - 21*n + 45. Is j(v) composite?
False
Let q(b) = b**2 - 16*b + 69. Let k be q(6). Let g(v) = 2*v**3 + 9*v**2 - 28. Is g(k) a composite number?
True
Suppose -13*j - 11010 = 15497. Is (-126)/21*j/6 a prime number?
True
Is (136599/6*-2)/(41/(-41)) a composite number?
False
Let b = -524 - 1034. Let r = b - -2967. Is r a prime number?
True
Let b(z) = -z**3 - 8*z**2 - 11*z + 6. Let k be b(-5). Is (3 - 17143/k)*2 a composite number?
True
Let i be (-10)/(2*(-5)/5). Suppose -4*m - 3*q - 11 = 0, -m - i*q - 24 = -0*m. Is (1/(-2) + m)*(-77 - -659) prime?
False
Let u(q) = q**3 + 11*q**2 + 12*q + 22. Let g be u(-10). Suppose 5*n + 5*a = 22380, g*n + 0*a = -a + 8957. Is n a prime number?
True
Suppose 3*k - 31773 = -2*h, 4*k + 5*h = 59860 - 17489. Is k composite?
False
Let n(c) = 241*c**2 + 162*c + 1743. Is n(-10) a composite number?
False
Suppose 11*b + 290*b - 477324295 = 0. Is b composite?
True
Let s(b) = -b**3 + 4*b**2 - 1. Let x be s(3). Suppose 2*f = x, 4*n - 3*f - 381 = 523. Let w = n - -1028. Is w a prime number?
False
Suppose 18*g + 5715 = 13*g. Let u be (-12714)/(-6)*1 + 1. Let l = u + g. Is l prime?
True
Suppose -71*u + 4284980 = -41173409. Is u composite?
False
Let y(g) = 10*g + 14*g + 70*g**2 - 7*g + 6*g - 24 + 66. Is y(9) prime?
False
Suppose -25*u = 104*u - 2931911 - 5875306. Is u composite?
True
Suppose -3393 - 1486 = -7*w. Let n = w + 1390. Suppose n - 9272 = -5*r. Is r a composite number?
True
Let q(p) = 8*p + 112. Let r be q(-14). Suppose -5*w + 12*w - 11123 = r. Is w a composite number?
True
Let b = 153 - 150. Suppose -b*a = -a - 226. Is a prime?
True
Let j(t) = 517*t**3 - 2*t**2 + 10*t + 11. Is j(4) a composite number?
False
Suppose 0 = 37*b - 34*b - 15. Suppose 2*v = 4*x, 2*v - x = b*v. Suppose -2*z + 2 + 0 = 0, v = -3*q - 4*z + 481. Is q a prime number?
False
Suppose 3*f = 4*u - 569493, 4*u - 18*f - 569518 = -20*f. Is u a composite number?
True
Suppose -6*x - 4*x - 7060 = 0. Let k = 93 - x. Is k composite?
True
Let l(j) be the third derivative of -109*j**6/60 + j**5/20 + j**4/6 + j**3 - 12*j**2. Let c be l(-2). Suppose 4*z + c - 21606 = 0. Is z prime?
False
Let u be (-32)/(-128) - 3/(-4). Is -2 + -1 + (0 - u) + 639 a composite number?
True
Is 1*(7 - 1270163)/(-4) prime?
True
Suppose 9724 = 2*q + s, -3*q = 4*s - 12044 - 2552. Suppose -u = a - 4477, 3*u - 8565 - q = -a. Is u prime?
False
Let k be (165 - (-2)/2)/2. Let l(b) = -2*b**3 - b**2 - 10*b - 14. Let i be l(-4). Let d = i - k. Is d a composite number?
True
Let h = -1324068 - -1892865. Is h composite?
True
Let q(i) be the second derivative of -i**5/20 - i**4/4 + i**3/6 + 5*i**2 + 18*i. Suppose 9*v - 20 = 14*v. Is q(v) prime?
False
Let z(v) = -62*v + 99. Suppose 0 = 7*r - 21*r - 266. Is z(r) a prime number?
True
Let h = -37 - -48. Suppose -2*j = -3*q - 5*j + 21, 2*q = -j + h. Suppose q*n = n, 4*k + 5*n = 764. Is k a prime number?
True
Is (-3)/7 + 48/(-224)*(-2151896)/6 composite?
True
Let q be (-4 - -2)*(5 - 6)/2. Is (4/8 - q)*(-1821 + 7) a composite number?
False
Let b(i) = 902*i + 7279. Is b(192) composite?
False
Let w be (-6)/(-39) - 7